4.
2
What is the remainder when 13239120 is divided by 128?
80
Calculate the remainder when 1662958 is divided by 2512.
14
What is the remainder when 58414956 is divided by 1958?
1942
Calculate the remainder when 2409286 is divided by 481856.
6
Calculate the remainder when 10909 is divided by 949.
470
Calculate the remainder when 6390936 is divided by 604.
12
Calculate the remainder when 113047 is divided by 3755.
397
Calculate the remainder when 4680299 is divided by 936048.
59
Calculate the remainder when 68161 is divided by 588.
541
What is the remainder when 120038 is divided by 1667?
14
Calculate the remainder when 20077754 is divided by 3.
2
What is the remainder when 656172 is divided by 6692?
356
Calculate the remainder when 58851 is divided by 755.
716
Calculate the remainder when 32832406 is divided by 1288.
1286
Calculate the remainder when 839512260 is divided by 53.
51
Calculate the remainder when 252131 is divided by 522.
5
What is the remainder when 2808 is divided by 230?
48
What is the remainder when 273134 is divided by 51?
29
Calculate the remainder when 2954483 is divided by 3092.
1623
Calculate the remainder when 38714951 is divided by 38714929.
22
What is the remainder when 1117596 is divided by 20693?
174
What is the remainder when 2856072 is divided by 813?
3
Calculate the remainder when 78050 is divided by 308.
126
What is the remainder when 2542484 is divided by 1271197?
90
Calculate the remainder when 321140 is divided by 321087.
53
Calculate the remainder when 15638 is divided by 893.
457
Calculate the remainder when 172717428 is divided by 28786238.
0
What is the remainder when 3977025 is divided by 8234?
3
Calculate the remainder when 7020480 is divided by 7.
5
What is the remainder when 483626 is divided by 120905?
6
What is the remainder when 11719820 is divided by 4304?
28
What is the remainder when 29689 is divided by 6?
1
Calculate the remainder when 1384178 is divided by 18705.
8
What is the remainder when 13950787 is divided by 710?
707
What is the remainder when 351127 is divided by 5573?
28
Calculate the remainder when 3367943 is divided by 11.
7
Calculate the remainder when 3334957 is divided by 63.
52
What is the remainder when 777975 is divided by 258182?
3429
Calculate the remainder when 304654415 is divided by 32.
15
Calculate the remainder when 77617 is divided by 12509.
2563
What is the remainder when 1420417 is divided by 308?
229
Calculate the remainder when 24811655 is divided by 84.
71
Calculate the remainder when 339588 is divided by 2427.
2235
Calculate the remainder when 7843169 is divided by 30.
29
Calculate the remainder when 6441157 is divided by 489.
49
Calculate the remainder when 8478626 is divided by 1095.
41
What is the remainder when 1474865 is divided by 18434?
145
What is the remainder when 4449011 is divided by 1878?
29
What is the remainder when 22242 is divided by 1402?
1212
Calculate the remainder when 63897 is divided by 3344.
361
Calculate the remainder when 64578 is divided by 32168.
242
What is the remainder when 30295 is divided by 29764?
531
Calculate the remainder when 13435952 is divided by 93305.
32
Calculate the remainder when 11079965 is divided by 19.
1
Calculate the remainder when 427244 is divided by 806.
64
What is the remainder when 17635940 is divided by 1156?
4
Calculate the remainder when 1637012 is divided by 1594.
1568
Calculate the remainder when 2705943 is divided by 1352016.
1911
What is the remainder when 218111 is divided by 9208?
6327
What is the remainder when 48618217 is divided by 13?
11
Calculate the remainder when 1812107 is divided by 257.
0
Calculate the remainder when 84951 is divided by 240.
231
What is the remainder when 107159364 is divided by 6616?
12
Calculate the remainder when 541070 is divided by 540860.
210
What is the remainder when 23472749 is divided by 12?
5
Calculate the remainder when 1968941 is divided by 492216.
77
Calculate the remainder when 18461863 is divided by 1051.
1048
What is the remainder when 103243 is divided by 1174?
1105
What is the remainder when 535452398 is divided by 6800?
6798
Calculate the remainder when 98596861 is divided by 496.
493
Calculate the remainder when 28444682 is divided by 1049.
1047
What is the remainder when 1493548 is divided by 1156?
1152
What is the remainder when 1499061 is divided by 16?
5
Calculate the remainder when 788395 is divided by 845.
10
What is the remainder when 1441049 is divided by 84766?
27
Calculate the remainder when 17238847 is divided by 1495.
2
Calculate the remainder when 26414 is divided by 5282.
4
What is the remainder when 411498 is divided by 204?
30
What is the remainder when 3749372 is divided by 1874671?
30
What is the remainder when 214427 is divided by 3968?
155
What is the remainder when 57912 is divided by 28429?
1054
What is the remainder when 1429983 is divided by 4169?
16
Calculate the remainder when 30855815 is divided by 422.
19
Calculate the remainder when 171596 is divided by 113.
62
Calculate the remainder when 50796 is divided by 1240.
1196
Calculate the remainder when 2715749 is divided by 905191.
176
Calculate the remainder when 4938591 is divided by 17575.
16
Calculate the remainder when 100399382 is divided by 7972.
14
What is the remainder when 83725 is divided by 709?
63
Calculate the remainder when 19631973 is divided by 79.
78
What is the remainder when 971122 is divided by 4172?
3218
Calculate the remainder when 488933 is divided by 677.
139
What is the remainder when 1324153148 is divided by 37?
34
Calculate the remainder when 6762794 is divided by 28.
10
What is the remainder when 19195122 is divided by 3093?
3057
Calculate the remainder when 115477 is divided by 197.
35
Calculate the remainder when 50068989 is divided by 888.
885
Calculate the remainder when 1037410 is divided by 4825.
35
Calculate the remainder when 4224225 is divided by 100565.
495
What is the remainder when 894599 is divided by 1949?
8
What is the remainder when 79019 is divided by 3845?
2119
What is the remainder when 46427 is divided by 1199?
865
Calculate the remainder when 80898 is divided by 139.
0
Calculate the remainder when 35963172 is divided by 1083.
1074
What is the remainder when 376955 is divided by 8971?
173
Calculate the remainder when 4391850 is divided by 369.
12
What is the remainder when 30331 is divided by 30317?
14
Calculate the remainder when 10488910 is divided by 11.
3
Calculate the remainder when 170297 is divided by 1310.
1307
What is the remainder when 18956785 is divided by 9894?
9775
Calculate the remainder when 6487549 is divided by 30.
19
Calculate the remainder when 599217 is divided by 562.
125
Calculate the remainder when 210151 is divided by 1170.
721
What is the remainder when 116890249 is divided by 339?
337
What is the remainder when 12656662 is divided by 395520?
22
Calculate the remainder when 355967631 is divided by 28856.
15
Calculate the remainder when 5838628 is divided by 1315.
28
Calculate the remainder when 4891738 is divided by 6192.
58
What is the remainder when 101001 is divided by 3165?
2886
Calculate the remainder when 2602541 is divided by 138.
137
What is the remainder when 37551 is divided by 995?
736
What is the remainder when 217058 is divided by 245?
233
Calculate the remainder when 40333786 is divided by 293.
285
What is the remainder when 248751 is divided by 48768?
4911
Calculate the remainder when 7421101 is divided by 23.
13
Calculate the remainder when 1008340 is divided by 259.
53
What is the remainder when 587790 is divided by 2296?
14
What is the remainder when 752323 is divided by 50154?
13
Calculate the remainder when 393054 is divided by 2731.
2521
Calculate the remainder when 103513 is divided by 2898.
2083
What is the remainder when 5737727 is divided by 9437?
31
What is the remainder when 4684511 is divided by 1653?
1562
What is the remainder when 1231153 is divided by 540?
493
What is the remainder when 3796705 is divided by 759320?
105
Calculate the remainder when 12678 is divided by 346.
222
Calculate the remainder when 9127385 is divided by 13746.
41
What is the remainder when 405967 is divided by 27062?
37
What is the remainder when 7343 is divided by 2666?
2011
Calculate the remaind